868 (base 16) to base 15
-222d3
-11000030213 (base 4) to base 6
-44035515
What is 165866 (base 10) in base 14?
44638
5633 (base 14) to base 4
3221131
What is -463d43 (base 15) in base 4?
-30302323323
What is 2010220110121 (base 3) in base 16?
116437
71706 (base 9) to base 6
1002353
What is -21674 (base 8) in base 2?
-10001110111100
What is 130113331203 (base 4) in base 5?
3401010204
29358 (base 14) to base 13
37691
What is -4441140 (base 6) in base 9?
-370136
-2111022002211 (base 3) to base 7
-14155003
What is -300688 (base 12) in base 13?
-2022b3
What is -230217 (base 10) in base 11?
-147a69
What is -4990598 (base 10) in base 6?
-254544342
Convert -2191b (base 14) to base 12.
-3b105
What is -3750315 (base 8) in base 10?
-1036493
-3256137 (base 10) to base 4
-30122331021
What is -10100111001110111101 (base 2) in base 6?
-22403125
What is 116261531 (base 7) in base 9?
14731462
11101101011000011 (base 2) to base 12
5a403
What is -36239 (base 11) in base 13?
-1a9ab
Convert 8b7ca9 (base 14) to base 4.
102012321331
Convert b2cda (base 14) to base 8.
1511020
-10000011011001100 (base 2) to base 15
-14e01
771196 (base 11) to base 16
12ca29
Convert 230013300 (base 4) to base 2.
101100000111110000
Convert 2568954 (base 10) to base 4.
21303023322
-415652 (base 8) to base 2
-100001101110101010
Convert -1439451 (base 10) to base 16.
-15f6db
Convert 11220200200 (base 3) to base 9.
156620
Convert -aa3fa (base 16) to base 9.
-1272510
Convert 22766367 (base 8) to base 4.
102332303313
What is 230988 (base 11) in base 13?
cb1ac
What is 10100111000000011011 (base 2) in base 7?
5546225
Convert 49529 (base 16) to base 15.
5debe
-525084 (base 9) to base 4
-1030030120
What is -6c475 (base 14) in base 10?
-264311
Convert -5b4c4 (base 13) to base 6.
-3332520
What is -154a405 (base 13) in base 5?
-3221221134
Convert -3ccd (base 14) to base 7.
-43246
-216520 (base 10) to base 15
-4424a
Convert 257a54 (base 14) to base 16.
13ab0a
1010001101001101001 (base 2) to base 14
89c49
What is -1576a3a (base 11) in base 13?
-73196c
What is 150012 (base 13) in base 5?
112422423
-34011aa (base 13) to base 16
-f3a769
What is -117d08 (base 16) in base 9?
-2136156
What is 366123 (base 10) in base 9?
617203
What is 14490 (base 15) in base 2?
1111111010001000
What is -123330464 (base 7) in base 8?
-35656554
What is 260548 (base 9) in base 10?
157913
-18223 (base 15) to base 8
-230434
What is 4441626 (base 7) in base 5?
120014320
What is 214d07 (base 14) in base 2?
100010011010010101011
Convert 232441532 (base 6) to base 5.
2102012211
What is 8301 (base 12) in base 16?
37b1
What is -1b412 (base 14) in base 7?
-406222
-3144022004 (base 5) to base 13
-14b0211
What is -10110111000100101101010 (base 2) in base 10?
-5998954
What is -50594b (base 13) in base 14?
-3691c6
-1106506 (base 8) to base 10
-298310
-151505554 (base 6) to base 2
-1100000100111110101110
-14b961 (base 14) to base 15
-e459b
Convert -66643 (base 10) to base 8.
-202123
-31623462 (base 8) to base 2
-11001110010011100110010
Convert -200314551 (base 6) to base 4.
-30322121203
Convert 140755c (base 13) to base 12.
215224a
Convert 20036a (base 12) to base 8.
1715002
-1013320120 (base 4) to base 3
-112221212121
627511 (base 9) to base 13
100993
What is 2a52718 (base 11) in base 9?
10751636
243044 (base 8) to base 10
83492
10111101001111000 (base 2) to base 8
275170
Convert 1110221221 (base 3) to base 16.
71cb
200233133 (base 4) to base 7
1065665
-22121011112 (base 3) to base 14
-45974
What is 621d5 (base 15) in base 4?
1023322031
What is -242321 (base 9) in base 2?
-100011101010001110
What is -1220122202 (base 3) in base 4?
-21030122
What is 320023 (base 5) in base 13?
4ac4
What is -39ed71 (base 15) in base 16?
-2a7b1f
What is 21002102122222 (base 3) in base 12?
1318645
Convert -55840 (base 9) to base 7.
-213156
What is 153541 (base 6) in base 5?
440414
1000100001111100 (base 2) to base 13
12b99
29428 (base 13) to base 3
10221110021
-110121110112020 (base 3) to base 2
-11001100100000100101000
What is -75470a (base 11) in base 4?
-10212213113
Convert -1031131 (base 5) to base 12.
-a282
What is -19759 (base 16) in base 13?
-38608
Convert 1020364 (base 7) to base 11.
84165
-126354 (base 7) to base 10
-23853
What is 100001110001101110110001 (base 2) in base 13?
1ab0326
1b8396 (base 12) to base 14
cb08a
9acc (base 15) to base 9
50013
14105503 (base 6) to base 12
1ab293
-5201040 (base 6) to base 9
-418586
Convert 1241643 (base 7) to base 11.
100400
What is -161b1c (base 13) in base 3?
-1000202222122
-201120312010 (base 4) to base 3
-121110200012021
What is 80eea (base 15) in base 9?
682154
Convert 21001002221 (base 3) to base 12.
68251
Convert 100001100010011100001 (base 2) to base 10.
1098977
Convert 2bf302 (base 16) to base 10.
2880258
What is -32233120 (base 4) in base 12?
-2ab34
Convert -110002 (base 10) to base 6.
-2205134
-77608 (base 15) to base 16
-5c9de
What is -2ed50 (base 16) in base 5?
-22114244
-420863 (base 12) to base 4
-3331123023
What is -3c54b6 (base 14) in base 6?
-112435520
1343146 (base 7) to base 14
49226
21303411 (base 5) to base 10
181731
What is 2a63206 (base 11) in base 3?
100212111202220
Convert -60436 (base 7) to base 13.
-6874
-21302000 (base 4) to base 13
-1530b
Convert -59a88 (base 12) to base 11.
-82817
Convert 5a129 (base 11) to base 13.
305a9
247118 (base 12) to base 13
179b13
What is -2098bb (base 16) in base 11?
-1229aa7
Convert -1174000 (base 9) to base 2.
-10011100000101100101
What is 1356350 (base 7) in base 15?
39045
What is -5a65b3 (base 13) in base 6?
-114114344
Convert 1313131 (base 5) to base 16.
65b9
Convert c613d (base 16) to base 2.
11000110000100111101
-32554152 (base 8) to base 13
-15b2232
-30114a0 (base 11) to base 15
-704969
314125 (base 9) to base 5
21433403
-1101442 (base 5) to base 3
-222001121
-274180 (base 9) to base 7
-1264104
Convert 152303 (base 6) to base 16.
39cf
26a5b4 (base 13) to base 12
392242
What is -5c5c9b (base 16) in base 8?
-27056233
What is -121ab3 (base 14) in base 16?
-973fd
Convert -720077 (base 15) to base 7.
-64020652
Convert -15524440 (base 6) to base 11.
-34a580
d2bd9 (base 14) to base 15
a0463
What is 221202 (base 7) in base 16?
97cb
Convert 4010432244 (base 5) to base 7.
124123410
What is -2d0a97 (base 14) in base 7?
-16256050
Convert 155105 (base 9) to base 13.
34679
-1210303121 (base 6) to base 4
-310122231121
What is -2845627 (base 11) in base 7?
-56425303
Convert 175652 (base 9) to base 6.
2201202
Convert -46151 (base 7) to base 13.
-5468
Convert -262405 (base 7) to base 15.
-e757
What is 207221 (base 12) in base 15?
a11ed
-6612241 (base 10) to base 5
-3143042431
What is 20222120202201 (base 3) in base 10?
3711898
261407 (base 9) to base 4
212230330
11011111001111000101110 (base 2) to base 8
33717056
Convert 210100223 (base 6) to base 3.
20212021210020
-102032545 (base 6) to base 10
-1777457
Convert 111020232 (base 4) to base 3.
11101202110
Convert -78a053 (base 12) to base 16.
-1d5fbf
Convert -74517 (base 12) to base 6.
-3135231
Convert -94333 (base 12) to base 8.
-572727
-53713 (base 12) to base 13
-3b02b
Convert 121423340 (base 5) to base 3.
1002022010000
What is 1472535 (base 8) in base 2?
1100111010101011101
What is 893501 (base 10) in base 8?
3321075
What is -373720 (base 11) in base 13?
-178a13
110001001000001010 (base 2) to base 7
1465444
Convert -10001010011100101 (base 2) to base 8.
-212345
111112002 (base 4) to base 10
87426
Convert -201584 (base 11) to base 13.
-b46c1
-52dcb3 (base 14) to base 13
-772467
What is -153254 (base 6) in base 12?
-882a
-218d1 (base 16) to base 7
-1111441
Convert 173113 (base 11) to base 12.
10aa96
-d155b5 (base 14) to base 13
-15c8841
Convert 16315063 (base 7) to base 15.
214514
Convert 46174 (base 9) to base 5.
1441031
What is -66609 (base 14) in base 16?
-3c951
Convert -514197 (base 13) to base 7.
-22046115
Convert -564561 (base 10) to base 9.
-1050380
15600622 (base 7) to base 15
1ed42a
5503272 (base 9) to base 6
143155532
Convert -11001100001001011111 (base 2) to base 15.
-117b61
What is 1832a9a (base 11) in base 3?
12211220012102
What is 8b0e8 (base 16) in base 12?
235748
What is 2220100020222 (base 3) in base 2?
101111000011110000111
-534258 (base 10) to base 12
-219216
Convert -441386 (base 12) to base 5.